(-3). Determine r(p).
5
Suppose -4*x + x + 5*a + 25 = 0, -5*x - 3*a = -53. Suppose 4*z - 6 - x = 0. Let p(n) = n + 1. Give p(z).
5
Let v(s) be the third derivative of -s**4/12 - 7*s**3/6 - 3*s**2. What is v(-5)?
3
Let q(k) = k + 2. Let m be 4/(24/(-30)) - 1. What is q(m)?
-4
Let g(n) = -n**2 + 7*n + 1. Let l be g(7). Let v(m) = 2 - l + m - 2. Let t(k) = k**3 - 14*k**2 + k - 14. Let o be t(14). Calculate v(o).
-1
Suppose 5 = 2*c + 3. Let w(m) = 3 - 5 + 1 - m - c. Give w(-4).
2
Let j(x) = -x**3 - 9*x**2 - 8*x - 1. Let g be j(-8). Let t(v) = -6*v**2 + 2*v + 1. Determine t(g).
-7
Let b(z) = -z**2 + z + 2. Let s be 0 - (-1 - 0)*0. Let c be b(s). Let g(r) = 3*r**2 + 9 - 6*r**2 - c - r**3 + 2*r**2. What is g(0)?
7
Let m(b) = -2*b**3. Let a be 16/(-12)*(-33)/2. Suppose n - 13 = 2*g, -4*n + 3*g = -34 + 7. Suppose n*j = 2*c + 5 + 9, 2*c - 5*j + a = 0. Calculate m(c).
2
Let s = -23 + 14. Let y(u) = -u**2 - 10*u - 7. Give y(s).
2
Let h(k) = k**2 - 7*k + 9. Let w be h(6). Let x(f) = 3*f**2 + 2 - 2*f - 7*f**2 - 2*f + f**w. Give x(5).
7
Let t(c) = c**2 + c - 4. Let q(o) be the first derivative of -o**4/4 + o**2/2 + o + 3. Let k be q(-1). Let b be k/(-1)*(-6)/2. Determine t(b).
8
Let d(l) = l**2 - l. Suppose 3 - 11 = -2*p. Suppose -c + p = c. Suppose -2*j + 4*k + 14 = -j, -12 = -3*j + c*k. Give d(j).
2
Suppose -5*g = -2*t - 21, -g + 3*g = -5*t - 9. Suppose 4*u - d - 21 = 0, 2*d + d + 3 = 0. Let b(l) = u + l - 1 + l - l. Give b(t).
1
Let c = -4 - 2. Let f(s) = 5*s**2 + s**2 + 5 - 4 + 4 + 0*s**3 + s**3. Give f(c).
5
Let m(r) = r**2 + 5*r + 2. Suppose -2*x - 6 = -4*u, 3*x - u + 0*u + 9 = 0. What is m(x)?
-4
Let g(z) = -z**3 - 85 + 28 + 10*z + 8*z**2 + 24 + 25. Calculate g(9).
1
Let f(y) be the second derivative of -y**4/12 - y**3/3 + y**2/2 + y. Give f(-3).
-2
Let j(g) = 1 + 15 - 10 - 4*g. Give j(5).
-14
Suppose 3*h + h = 4*k - 16, h = 3*k - 14. Let i(x) = 4*x**2 + 4*x - 4*x**2 + h - x**3 + x**2. Suppose -5 - 6 = -4*b - m, -19 = -5*b + 4*m. What is i(b)?
-5
Let q(t) = -t + 5. Let m be q(0). Let g(n) = n**3 - 5*n**2 + 6*n - 5. What is g(m)?
25
Let k(v) = -v + 3. Let h(l) be the second derivative of -5*l**4/12 + 5*l. Let u be h(1). Give k(u).
8
Let k(z) = z**3 + 2*z**2 - 3*z - 2. Let b(g) = -3*g**3 - 7*g**2 + 2*g - 7. Let y(i) = i**3 + i + 1. Let j(u) = b(u) + 4*y(u). Let s be j(6). What is k(s)?
-2
Suppose -a + 2*i = 6*i + 4, 0 = -4*a - 2*i - 2. Let l be (a + (-3 - -1))*-1. Let y(o) = -o**3 + 3*o**2 - 3*o + 2. Determine y(l).
0
Let t(v) be the third derivative of -v**6/120 + v**5/10 - v**4/6 - 7*v**3/6 + v**2. Let j(y) = -y + 11. Let p be j(6). Determine t(p).
-2
Let h = -5 + 10. Let z(g) = 5*g + 10 - h + 0*g**2 + g**2. What is z(-5)?
5
Suppose 3*r + 0*r + 18 = 0. Let d be (-2)/r - 1/3. Suppose 0 = 3*a - d*a + 6. Let q(m) = -2*m + 1. What is q(a)?
5
Let s(b) = -4*b + 6. Let w(j) = -5*j + 7. Let c(p) = -6*s(p) + 5*w(p). Calculate c(0).
-1
Let r(f) = f + 2*f**3 + 2*f**2 - 6*f**2 - f**3. Calculate r(3).
-6
Let t(o) = 3*o + 3. Let l(z) = -z**2 - 7*z - 7. Let v be l(-5). Suppose -k = c + 5, -v*c + 8*k + 9 = 3*k. Calculate t(c).
-3
Let v(y) = -11*y + 2*y**2 + 0*y - 4 + y**3 + 6*y. Calculate v(-3).
2
Let x(c) = -c**3 + 2*c**2 + 3*c. Let p be x(3). Let d(w) = -6*w + 1 + p*w - w. Give d(-1).
8
Let q(c) = -15*c - 7. Let x(k) = 8*k + 4. Let r(d) = -3*q(d) - 5*x(d). Determine r(-1).
-4
Let v(c) = 1. Let k(q) = q**2 - 8. Let y(r) = -k(r) - 6*v(r). Let p be (-3)/(-1)*4/6. Determine y(p).
-2
Let w(p) be the second derivative of 5*p + 1/20*p**5 + 0*p**2 - 7/6*p**3 + 1/3*p**4 + 0. What is w(-5)?
10
Suppose -4*t + 2*t = -5*q + 4, -3*q + 3 = -t. Let z(s) = -6*s**q + 1 + 2*s**2 + 3*s**2 + s. Calculate z(1).
1
Suppose -q = -10 - 6. Suppose 0 = 2*t - 6*t + q. Let x(d) be the third derivative of d**6/120 - d**5/15 + d**4/12 - 4*d**2. Calculate x(t).
8
Let r be 1/((-1)/(-1 + 8)). Let n = 5 + r. Let w(u) = -2*u - 2 - 9*u**2 + 6*u**2 - 2*u. Give w(n).
-6
Let j(t) be the second derivative of -2*t**5/5 + 11*t. Determine j(1).
-8
Let q(b) = 7*b - 5. Let z(l) = 6*l - 5. Let y be 15/(-2)*8/(-10). Let g(n) = y*z(n) - 5*q(n). Give g(0).
-5
Let r(c) = -5*c**2 + 11*c - 9. Let l(z) = -z**2 + 3*z - 2. Let w(n) = 9*l(n) - 2*r(n). Determine w(-4).
-4
Let o(s) = s**3 + 3*s**2 + 2*s + 2. Suppose 3*h = 9 - 3. Let g be (-7 + 5)/(h/3). What is o(g)?
-4
Let r(t) = 2*t - 4. Let o(w) = 2*w - 2. Let g be o(6). Suppose 0 = -5*x + g*x - 20. Calculate r(x).
4
Suppose s = k + 2*s + 3, -3*k - 5*s - 9 = 0. Let y(a) = -a + 2*a + a + 0*a + 3. Determine y(k).
-3
Suppose 2 = 3*z - 1. Let t(k) be the third derivative of k**6/24 - k**5/60 + k**4/12 - k**3/6 + k**2. What is t(z)?
5
Suppose 0 = z + 1 + 3. Let q(w) = 4*w**3 - 5*w**2 - 2*w - 4. Let b(l) = -5*l**3 + 5*l**2 + 3*l + 4. Let c(g) = z*q(g) - 3*b(g). Calculate c(5).
-1
Let y(t) = t**2 - t + 6. Let j be -1 - (-2 - -2 - 1). Let l = -3 + j. Let a = -3 - l. What is y(a)?
6
Let f be (0 - -2)/((-1)/(-4)*2). Let l(t) be the first derivative of t**4/4 - 5*t**3/3 + t**2 - t + 1. Calculate l(f).
-9
Let c(r) = -r**3 + 3*r**2 + 4*r + 3. Let a(s) be the first derivative of -s**2/2 - 1. Let i = -3 - 1. Let l be a(i). Give c(l).
3
Let x = 8 - 13. Let q(o) = -o**3 - 5*o**2 + o - 4. Calculate q(x).
-9
Let m be (-15)/(-30) + (-9)/(-2). Let u(t) = 2 + 0 - 6 - t**3 + 5*t**2. Give u(m).
-4
Let b(t) = -t**2 - t - 1. Let g(k) be the first derivative of 5*k**3/3 + 7*k**2/2 - k - 2. Let w(l) = 4*b(l) + g(l). Suppose 0 = 3*o + 13 + 2. What is w(o)?
5
Let j(d) = -d**3 + d**2 - 1. Let x be -2 + (0 - (1 + -3)). Let t be j(x). Let v(n) = 5*n. Determine v(t).
-5
Let s(m) = m**3 + m**2 - m + 11. Let v = -174 + 174. Calculate s(v).
11
Suppose 0*q = -4*q. Let z(i) = 6*i - 13. Let r(u) = -7*u + 13. Suppose 8*l = 5*l + 15. Let m(n) = l*r(n) + 6*z(n). What is m(q)?
-13
Let g(l) = l + 3. Let t(d) be the second derivative of -d**3/6 - 2*d**2 + 6*d. Let h be t(0). Give g(h).
-1
Let x(b) = 0*b - 2*b + b**3 - 3*b**2 - 3*b + 6. Let p be (-15)/(-2 - 1) + -1. Determine x(p).
2
Let p(k) = 2*k**3 + 4*k**2 + 2*k - 1. Let g(l) = -2*l**3 - 3*l**2 - 2*l + 1. Let d(f) = 6*g(f) + 5*p(f). Determine d(1).
-1
Let u(a) be the first derivative of a**4/12 + a**3/3 - 3*a**2/2 + 3*a - 3. Let w(y) be the first derivative of u(y). Determine w(-3).
0
Let z = 6 - 13. Let b(t) = -t**3 - 7*t**2 - 6. Let w be b(z). Let g(o) = -8 + 8 - o + 0*o. Calculate g(w).
6
Let s(v) = v**3 + 4*v**2 - 4*v - 3. Let u be 114/(-21) - 3/(-7). Determine s(u).
-8
Let p(i) be the first derivative of -i**2/2 - 4*i - 19. Give p(-6).
2
Let y(b) = b + 9. Let x(v) = 2*v**2 - 3 - v - v**2 + 2. Let a be x(3). Suppose f = a*f. Give y(f).
9
Let i(p) = 13*p + 9. Let w(c) = 7*c + 5. Let x(l) = 3*i(l) - 5*w(l). Let t be (-2)/6 + (-50)/30. Give x(t).
-6
Let b(s) = -19*s - 3. Let c(n) = -13*n - 2. Let w(m) = -5*b(m) + 7*c(m). What is w(-2)?
-7
Let x(r) = 4*r - 2*r**3 + r**3 - 4 - 5*r**2 + 2*r. Give x(-6).
-4
Let i = -21 - -21. Let r(u) be the third derivative of -u**5/60 + 7*u**3/6 - u**2. What is r(i)?
7
Let h be (0 + 0 - -1)*0. Let s(j) be the third derivative of -1/24*j**4 - 4*j**2 - 1/2*j**3 + 0*j + 0*j**5 + 0 + 1/120*j**6. Calculate s(h).
-3
Let n(h) = -h - 2. Let v = -160 + 149. Calculate n(v).
9
Let c(k) = -4 + 2*k - 3*k + 2*k. Give c(3).
-1
Let b be 20/50 + (-2)/5. Let w(k) = -k**2 + k + 2. What is w(b)?
2
Let m be (9/2 - 4)*-4. Let t(x) = -x**2 - x + 1. Let a be t(m). Let u(o) = -2*o**3 + o**2. What is u(a)?
3
Suppose -2*r + 3 = 5*m, m = 6*m + 5*r - 15. Let o = m + 5. Let g(y) = y**3 - 4*y**2 - 2*y + 4. Give g(o).
-4
Let t(v) = -2*v**3 - 3*v**2 - 3*v. Let g(m) = m - 2. Let s be g(0). Calculate t(s).
10
Let n(p) = 2*p**2 - 4*p - 1. Let x(k) = -k**2 + 3*k. Let o(a) = 2*n(a) + 3*x(a). Suppose j = -j + 8. Let d be (-2)/3 - j/3. Give o(d).
0
Let z(a) = a**3 - a - 3. Suppose 7*d = -0*d. Give z(d).
-3
Let u(m) be the third derivative of -m**4/8 + 5*m**3/6 + 4*m**2. Determine u(4).
-7
Let s(c) = -c**2 + 3*c + 3. Suppose 0 = -2*v + 7*v + k - 12, 2*v + 3 = -3*k. Suppose 95 = 8*g - v*g. Suppose -3*h = 2*r - g, -r = h + 4*r - 15. Calculate s(h).
-7
Let a(c) = c**3 - c**2 - 6. Let p(v) = 0*v - 3*v - 1 + 2*v. Let l be p(-1). Determine a(l).
-6
Let b(a) = a**3 + 4*a**2 - 4*a + 3. Let d = 6 + 11. Suppose p + 3*p + u = -d, -p + 4 = 3*u. What is b(p)?
-2
Let z(o) be the 